{"id":41,"date":"2013-02-28T10:44:50","date_gmt":"2013-02-28T10:44:50","guid":{"rendered":"http:\/\/sandraprata.com.br\/advocacia\/?page_id=41"},"modified":"2015-01-08T21:43:30","modified_gmt":"2015-01-08T21:43:30","slug":"trabalhista","status":"publish","type":"page","link":"https:\/\/sandraprata.com.br\/advogados\/about\/trabalhista\/","title":{"rendered":"Direito Trabalhista"},"content":{"rendered":"<p><img loading=\"lazy\" decoding=\"async\" class=\"alignleft size-thumbnail wp-image-214\" alt=\"portfolio_trabalhista2\" src=\"https:\/\/sandraprata.com.br\/advogados\/wp-content\/uploads\/2013\/06\/portfolio_trabalhista21-150x150.jpg\" width=\"150\" height=\"150\" \/>Resultado de longa experi\u00eancia em tr\u00e2mites que abrangem o Direito Trabalhista como um todo, o Escrit\u00f3rio Sandra Prata Advocacia est\u00e1 apto a prestar servi\u00e7os de consultoria e assessoria em quest\u00f5es pertinentes ao direito do trabalho, incluindo a\u00e7\u00f5es em demandas porventura resultantes da rela\u00e7\u00e3o de empregados e empregadores, sempre observando as normas jur\u00eddicas que regem tais rela\u00e7\u00f5es, com olhar atualizado sobre estas quest\u00f5es e focado na Consolida\u00e7\u00e3o das Leis do Trabalho.<br \/>\n&#8211; <a title=\"Contatos\" href=\"http:\/\/sandraprata.com.br\/advocacia\/index.php\/contatos\/\">Consulte-nos sobre atua\u00e7\u00e3o em direito do trabalho<\/a>.<br \/>\n&#8211; Prestamos servi\u00e7os para pessoas f\u00edsicas ou empresas.<\/p>\n<hr>\n<p>Telefone: (24) 2237-8963 |\u00a0Email: <a title=\"advocacia@sandraprata.com.br\" href=\"mailto:advocacia@sandraprata.com.br\">advocacia@sandraprata.com.br<\/a> | \u00a0|\u00a0<a title=\"Contatos\" href=\"https:\/\/sandraprata.com.br\/advogados\/contatos\/\">Contatos pelo site<\/a><\/p>\n<hr>\n","protected":false},"excerpt":{"rendered":"<p>Resultado de longa experi\u00eancia em tr\u00e2mites que abrangem o Direito Trabalhista como um todo, o Escrit\u00f3rio Sandra Prata Advocacia est\u00e1 apto a prestar servi\u00e7os de consultoria e assessoria em quest\u00f5es <a class=\"more-link\" href=\"https:\/\/sandraprata.com.br\/advogados\/about\/trabalhista\/\">Ler mais \u2192<\/a><\/p>\n","protected":false},"author":1,"featured_media":0,"parent":414,"menu_order":3,"comment_status":"closed","ping_status":"closed","template":"","meta":{"footnotes":""},"class_list":["post-41","page","type-page","status-publish","hentry"],"_links":{"self":[{"href":"https:\/\/sandraprata.com.br\/advogados\/wp-json\/wp\/v2\/pages\/41"}],"collection":[{"href":"https:\/\/sandraprata.com.br\/advogados\/wp-json\/wp\/v2\/pages"}],"about":[{"href":"https:\/\/sandraprata.com.br\/advogados\/wp-json\/wp\/v2\/types\/page"}],"author":[{"embeddable":true,"href":"https:\/\/sandraprata.com.br\/advogados\/wp-json\/wp\/v2\/users\/1"}],"replies":[{"embeddable":true,"href":"https:\/\/sandraprata.com.br\/advogados\/wp-json\/wp\/v2\/comments?post=41"}],"version-history":[{"count":2,"href":"https:\/\/sandraprata.com.br\/advogados\/wp-json\/wp\/v2\/pages\/41\/revisions"}],"predecessor-version":[{"id":484,"href":"https:\/\/sandraprata.com.br\/advogados\/wp-json\/wp\/v2\/pages\/41\/revisions\/484"}],"up":[{"embeddable":true,"href":"https:\/\/sandraprata.com.br\/advogados\/wp-json\/wp\/v2\/pages\/414"}],"wp:attachment":[{"href":"https:\/\/sandraprata.com.br\/advogados\/wp-json\/wp\/v2\/media?parent=41"}],"curies":[{"name":"wp","href":"https:\/\/api.w.org\/{rel}","templated":true}]}}